{"id":6,"date":"2026-04-26T15:11:43","date_gmt":"2026-04-26T15:11:43","guid":{"rendered":"http:\/\/foncierefissa.fr\/?page_id=6"},"modified":"2026-04-26T15:19:31","modified_gmt":"2026-04-26T15:19:31","slug":"fonciere-fissa","status":"publish","type":"page","link":"https:\/\/foncierefissa.fr\/index.php\/fonciere-fissa\/","title":{"rendered":"Fonci\u00e8re FISSA"},"content":{"rendered":"\n<div class=\"wp-block-group alignfull has-global-padding is-layout-constrained wp-container-core-group-is-layout-0c9c989a wp-block-group-is-layout-constrained\" style=\"min-height:0vh;margin-top:0;margin-bottom:0;padding-top:var(--wp--preset--spacing--70);padding-right:var(--wp--preset--spacing--40);padding-bottom:var(--wp--preset--spacing--70);padding-left:var(--wp--preset--spacing--40)\">\n<div class=\"wp-block-group has-global-padding is-layout-constrained wp-container-core-group-is-layout-346627ba wp-block-group-is-layout-constrained\">\n<h2 class=\"wp-block-heading has-text-align-center has-xx-large-font-size\" style=\"margin-right:0;margin-left:0;padding-right:0;padding-left:0\">Fonci\u00e8re d&#8217;Int\u00e9r\u00eat Social et Solidaire Alpine<\/h2>\n\n\n\n<p class=\"has-text-align-center\">Des lieux de vie durable pour des Alpes Vivantes<\/p>\n\n\n\n<div class=\"wp-block-buttons is-content-justification-center is-layout-flex wp-container-core-buttons-is-layout-a89b3969 wp-block-buttons-is-layout-flex\">\n<div class=\"wp-block-button\"><a class=\"wp-block-button__link wp-element-button\">Learn more<\/a><\/div>\n<\/div>\n<\/div>\n<\/div>\n\n\n\n<div class=\"wp-block-group alignfull is-style-section-1 has-global-padding is-layout-constrained wp-block-group-is-layout-constrained\" style=\"margin-top:0;margin-bottom:0;padding-top:var(--wp--preset--spacing--80);padding-bottom:var(--wp--preset--spacing--80)\">\n<div class=\"wp-block-columns alignwide is-layout-flex wp-container-core-columns-is-layout-66fad18a wp-block-columns-is-layout-flex\">\n<div class=\"wp-block-column is-layout-flow wp-block-column-is-layout-flow\" style=\"padding-right:var(--wp--preset--spacing--50);flex-basis:45%\">\n<div class=\"wp-block-group has-global-padding is-layout-constrained wp-block-group-is-layout-constrained\" style=\"margin-top:-12vw\"><\/div>\n\n\n\n<figure class=\"wp-block-gallery has-nested-images columns-default is-cropped wp-block-gallery-1 is-layout-flex wp-block-gallery-is-layout-flex\">\n<figure class=\"wp-block-image size-large\"><img loading=\"lazy\" decoding=\"async\" width=\"637\" height=\"497\" data-id=\"18\" src=\"http:\/\/foncierefissa.fr\/wp-content\/uploads\/2026\/04\/Capture-decran-du-2026-04-26-17-18-17.png\" alt=\"\" class=\"wp-image-18\" srcset=\"https:\/\/foncierefissa.fr\/wp-content\/uploads\/2026\/04\/Capture-decran-du-2026-04-26-17-18-17.png 637w, https:\/\/foncierefissa.fr\/wp-content\/uploads\/2026\/04\/Capture-decran-du-2026-04-26-17-18-17-300x234.png 300w\" sizes=\"auto, (max-width: 637px) 100vw, 637px\" \/><\/figure>\n<\/figure>\n<\/div>\n\n\n\n<div class=\"wp-block-column is-vertically-aligned-center is-layout-flow wp-block-column-is-layout-flow\" style=\"padding-right:0;padding-left:0;flex-basis:50%\">\n<div class=\"wp-block-group is-vertical is-layout-flex wp-container-core-group-is-layout-fe9cc265 wp-block-group-is-layout-flex\">\n<h2 class=\"wp-block-heading is-style-text-annotation\">About Us<\/h2>\n<\/div>\n\n\n\n<p class=\"is-style-text-subtitle\"><\/p>\n<\/div>\n<\/div>\n<\/div>\n\n\n\n<div class=\"wp-block-group alignfull has-global-padding is-layout-constrained wp-container-core-group-is-layout-ebee8dc1 wp-block-group-is-layout-constrained\" style=\"margin-top:0;margin-bottom:0;padding-top:var(--wp--preset--spacing--50);padding-bottom:var(--wp--preset--spacing--50)\">\n<h2 class=\"wp-block-heading alignwide\">Nos objectifs<\/h2>\n\n\n\n<div class=\"wp-block-columns alignwide is-layout-flex wp-container-core-columns-is-layout-28f84493 wp-block-columns-is-layout-flex\">\n<div class=\"wp-block-column is-layout-flow wp-block-column-is-layout-flow\">\n<figure class=\"wp-block-gallery has-nested-images columns-default is-cropped wp-block-gallery-2 is-layout-flex wp-block-gallery-is-layout-flex\">\n<figure class=\"wp-block-image size-full\" style=\"margin-bottom:24px\"><img loading=\"lazy\" decoding=\"async\" width=\"182\" height=\"178\" data-id=\"16\" src=\"http:\/\/foncierefissa.fr\/wp-content\/uploads\/2026\/04\/Capture-decran-du-2026-04-26-17-14-26.png\" alt=\"\" class=\"wp-image-16\" style=\"object-fit:cover\"\/><\/figure>\n<\/figure>\n\n\n\n<h3 class=\"wp-block-heading\">Collect<\/h3>\n\n\n\n<p class=\"has-medium-font-size\"><\/p>\n<\/div>\n\n\n\n<div class=\"wp-block-column is-layout-flow wp-block-column-is-layout-flow\">\n<figure class=\"wp-block-image size-full is-resized\" style=\"margin-bottom:24px\"><img loading=\"lazy\" decoding=\"async\" width=\"181\" height=\"215\" src=\"http:\/\/foncierefissa.fr\/wp-content\/uploads\/2026\/04\/Capture-decran-du-2026-04-26-17-14-35.png\" alt=\"\" class=\"wp-image-15\" style=\"aspect-ratio:1.3333333333333333;object-fit:cover;width:413px;height:auto\"\/><\/figure>\n\n\n\n<h3 class=\"wp-block-heading\">Assemble<\/h3>\n\n\n\n<p class=\"has-medium-font-size\">Like flowers that bloom in unexpected places, every story unfolds with beauty and resilience<\/p>\n<\/div>\n\n\n\n<div class=\"wp-block-column is-layout-flow wp-block-column-is-layout-flow\">\n<figure class=\"wp-block-image size-full is-resized\" style=\"margin-bottom:24px\"><img loading=\"lazy\" decoding=\"async\" width=\"181\" height=\"215\" src=\"http:\/\/foncierefissa.fr\/wp-content\/uploads\/2026\/04\/Capture-decran-du-2026-04-26-17-14-39.png\" alt=\"\" class=\"wp-image-14\" style=\"aspect-ratio:1.3333333333333333;object-fit:cover;width:413px;height:auto\"\/><\/figure>\n\n\n\n<h3 class=\"wp-block-heading\">Deliver<\/h3>\n\n\n\n<p class=\"has-medium-font-size\">Like flowers that bloom in unexpected places, every story unfolds with beauty and resilience<\/p>\n<\/div>\n<\/div>\n<\/div>\n\n\n\n<div class=\"wp-block-group alignfull has-global-padding is-layout-constrained wp-block-group-is-layout-constrained\" style=\"margin-top:0;margin-bottom:0;padding-top:var(--wp--preset--spacing--60);padding-bottom:var(--wp--preset--spacing--60)\">\n<div class=\"wp-block-columns alignwide is-layout-flex wp-container-core-columns-is-layout-74b2cda3 wp-block-columns-is-layout-flex\">\n<div class=\"wp-block-column is-layout-flow wp-block-column-is-layout-flow\"><\/div>\n\n\n\n<div class=\"wp-block-column is-layout-flow wp-block-column-is-layout-flow\" style=\"padding-top:0;padding-right:0;padding-bottom:0;padding-left:0\"><\/div>\n<\/div>\n<\/div>\n\n\n\n<aside class=\"wp-block-group alignfull is-style-section-3 has-global-padding is-layout-constrained wp-container-core-group-is-layout-f0f2a97b wp-block-group-is-layout-constrained\" style=\"margin-top:0;margin-bottom:0;padding-top:var(--wp--preset--spacing--50);padding-right:var(--wp--preset--spacing--50);padding-bottom:var(--wp--preset--spacing--50);padding-left:var(--wp--preset--spacing--50)\">\n<div class=\"wp-block-group is-vertical is-content-justification-center is-layout-flex wp-container-core-group-is-layout-8778ca4a wp-block-group-is-layout-flex\" style=\"min-height:360px;margin-top:0;margin-bottom:0\">\n<h2 class=\"wp-block-heading has-text-align-center has-xx-large-font-size\">Nous suivre ? <\/h2>\n\n\n\n<div style=\"height:0px\" aria-hidden=\"true\" class=\"wp-block-spacer wp-container-content-62aae154\"><\/div>\n\n\n\n<div class=\"wp-block-buttons is-content-justification-center is-layout-flex wp-container-core-buttons-is-layout-a89b3969 wp-block-buttons-is-layout-flex\">\n<div class=\"wp-block-button\"><a class=\"wp-block-button__link has-text-align-center wp-element-button\">Subscribe<\/a><\/div>\n<\/div>\n<\/div>\n<\/aside>\n\n\n\n<p><\/p>\n","protected":false},"excerpt":{"rendered":"<p>Fonci\u00e8re d&#8217;Int\u00e9r\u00eat Social et Solidaire Alpine Des lieux de vie durable pour des Alpes Vivantes About Us Nos objectifs Collect Assemble Like flowers that bloom in unexpected places, every story unfolds with beauty and resilience Deliver Like flowers that bloom in unexpected places, every story unfolds with beauty and resilience Nous suivre ?<\/p>\n","protected":false},"author":1,"featured_media":0,"parent":0,"menu_order":0,"comment_status":"closed","ping_status":"closed","template":"","meta":{"footnotes":""},"class_list":["post-6","page","type-page","status-publish","hentry"],"_links":{"self":[{"href":"https:\/\/foncierefissa.fr\/index.php\/wp-json\/wp\/v2\/pages\/6","targetHints":{"allow":["GET"]}}],"collection":[{"href":"https:\/\/foncierefissa.fr\/index.php\/wp-json\/wp\/v2\/pages"}],"about":[{"href":"https:\/\/foncierefissa.fr\/index.php\/wp-json\/wp\/v2\/types\/page"}],"author":[{"embeddable":true,"href":"https:\/\/foncierefissa.fr\/index.php\/wp-json\/wp\/v2\/users\/1"}],"replies":[{"embeddable":true,"href":"https:\/\/foncierefissa.fr\/index.php\/wp-json\/wp\/v2\/comments?post=6"}],"version-history":[{"count":3,"href":"https:\/\/foncierefissa.fr\/index.php\/wp-json\/wp\/v2\/pages\/6\/revisions"}],"predecessor-version":[{"id":19,"href":"https:\/\/foncierefissa.fr\/index.php\/wp-json\/wp\/v2\/pages\/6\/revisions\/19"}],"wp:attachment":[{"href":"https:\/\/foncierefissa.fr\/index.php\/wp-json\/wp\/v2\/media?parent=6"}],"curies":[{"name":"wp","href":"https:\/\/api.w.org\/{rel}","templated":true}]}}

Foncière FISSA

<div class="wp-block-group alignfull has-global-padding is-layout-constrained wp-container-core-group-is-layout-0c9c989a wp-block-group-is-layout-constrained" style="min-height:0vh;margin-top:0;margin-bottom:0;padding-top:var(--wp--preset--spacing--70);padding-right:var(--wp--preset--spacing--40);padding-bottom:var(--wp--preset--spacing--70);padding-left:var(--wp--preset--spacing--40)">
<div class="wp-block-group has-global-padding is-layout-constrained wp-container-core-group-is-layout-346627ba wp-block-group-is-layout-constrained">
<h2 class="wp-block-heading has-text-align-center has-xx-large-font-size" style="margin-right:0;margin-left:0;padding-right:0;padding-left:0">Foncière d&#8217;Intérêt Social et Solidaire Alpine</h2>



<p class="has-text-align-center">Des lieux de vie durable pour des Alpes Vivantes</p>



<div class="wp-block-buttons is-content-justification-center is-layout-flex wp-container-core-buttons-is-layout-a89b3969 wp-block-buttons-is-layout-flex">
<div class="wp-block-button"><a class="wp-block-button__link wp-element-button">Learn more</a></div>
</div>
</div>
</div>



<div class="wp-block-group alignfull is-style-section-1 has-global-padding is-layout-constrained wp-block-group-is-layout-constrained" style="margin-top:0;margin-bottom:0;padding-top:var(--wp--preset--spacing--80);padding-bottom:var(--wp--preset--spacing--80)">
<div class="wp-block-columns alignwide is-layout-flex wp-container-core-columns-is-layout-66fad18a wp-block-columns-is-layout-flex">
<div class="wp-block-column is-layout-flow wp-block-column-is-layout-flow" style="padding-right:var(--wp--preset--spacing--50);flex-basis:45%">
<div class="wp-block-group has-global-padding is-layout-constrained wp-block-group-is-layout-constrained" style="margin-top:-12vw"></div>



<figure class="wp-block-gallery has-nested-images columns-default is-cropped wp-block-gallery-1 is-layout-flex wp-block-gallery-is-layout-flex">
<figure class="wp-block-image size-large"><img loading="lazy" decoding="async" width="637" height="497" data-id="18" src="http://foncierefissa.fr/wp-content/uploads/2026/04/Capture-decran-du-2026-04-26-17-18-17.png" alt="" class="wp-image-18" srcset="https://foncierefissa.fr/wp-content/uploads/2026/04/Capture-decran-du-2026-04-26-17-18-17.png 637w, https://foncierefissa.fr/wp-content/uploads/2026/04/Capture-decran-du-2026-04-26-17-18-17-300x234.png 300w" sizes="auto, (max-width: 637px) 100vw, 637px" /></figure>
</figure>
</div>



<div class="wp-block-column is-vertically-aligned-center is-layout-flow wp-block-column-is-layout-flow" style="padding-right:0;padding-left:0;flex-basis:50%">
<div class="wp-block-group is-vertical is-layout-flex wp-container-core-group-is-layout-fe9cc265 wp-block-group-is-layout-flex">
<h2 class="wp-block-heading is-style-text-annotation">About Us</h2>
</div>



<p class="is-style-text-subtitle"></p>
</div>
</div>
</div>



<div class="wp-block-group alignfull has-global-padding is-layout-constrained wp-container-core-group-is-layout-ebee8dc1 wp-block-group-is-layout-constrained" style="margin-top:0;margin-bottom:0;padding-top:var(--wp--preset--spacing--50);padding-bottom:var(--wp--preset--spacing--50)">
<h2 class="wp-block-heading alignwide">Nos objectifs</h2>



<div class="wp-block-columns alignwide is-layout-flex wp-container-core-columns-is-layout-28f84493 wp-block-columns-is-layout-flex">
<div class="wp-block-column is-layout-flow wp-block-column-is-layout-flow">
<figure class="wp-block-gallery has-nested-images columns-default is-cropped wp-block-gallery-2 is-layout-flex wp-block-gallery-is-layout-flex">
<figure class="wp-block-image size-full" style="margin-bottom:24px"><img loading="lazy" decoding="async" width="182" height="178" data-id="16" src="http://foncierefissa.fr/wp-content/uploads/2026/04/Capture-decran-du-2026-04-26-17-14-26.png" alt="" class="wp-image-16" style="object-fit:cover"/></figure>
</figure>



<h3 class="wp-block-heading">Collect</h3>



<p class="has-medium-font-size"></p>
</div>



<div class="wp-block-column is-layout-flow wp-block-column-is-layout-flow">
<figure class="wp-block-image size-full is-resized" style="margin-bottom:24px"><img loading="lazy" decoding="async" width="181" height="215" src="http://foncierefissa.fr/wp-content/uploads/2026/04/Capture-decran-du-2026-04-26-17-14-35.png" alt="" class="wp-image-15" style="aspect-ratio:1.3333333333333333;object-fit:cover;width:413px;height:auto"/></figure>



<h3 class="wp-block-heading">Assemble</h3>



<p class="has-medium-font-size">Like flowers that bloom in unexpected places, every story unfolds with beauty and resilience</p>
</div>



<div class="wp-block-column is-layout-flow wp-block-column-is-layout-flow">
<figure class="wp-block-image size-full is-resized" style="margin-bottom:24px"><img loading="lazy" decoding="async" width="181" height="215" src="http://foncierefissa.fr/wp-content/uploads/2026/04/Capture-decran-du-2026-04-26-17-14-39.png" alt="" class="wp-image-14" style="aspect-ratio:1.3333333333333333;object-fit:cover;width:413px;height:auto"/></figure>



<h3 class="wp-block-heading">Deliver</h3>



<p class="has-medium-font-size">Like flowers that bloom in unexpected places, every story unfolds with beauty and resilience</p>
</div>
</div>
</div>



<div class="wp-block-group alignfull has-global-padding is-layout-constrained wp-block-group-is-layout-constrained" style="margin-top:0;margin-bottom:0;padding-top:var(--wp--preset--spacing--60);padding-bottom:var(--wp--preset--spacing--60)">
<div class="wp-block-columns alignwide is-layout-flex wp-container-core-columns-is-layout-74b2cda3 wp-block-columns-is-layout-flex">
<div class="wp-block-column is-layout-flow wp-block-column-is-layout-flow"></div>



<div class="wp-block-column is-layout-flow wp-block-column-is-layout-flow" style="padding-top:0;padding-right:0;padding-bottom:0;padding-left:0"></div>
</div>
</div>



<aside class="wp-block-group alignfull is-style-section-3 has-global-padding is-layout-constrained wp-container-core-group-is-layout-f0f2a97b wp-block-group-is-layout-constrained" style="margin-top:0;margin-bottom:0;padding-top:var(--wp--preset--spacing--50);padding-right:var(--wp--preset--spacing--50);padding-bottom:var(--wp--preset--spacing--50);padding-left:var(--wp--preset--spacing--50)">
<div class="wp-block-group is-vertical is-content-justification-center is-layout-flex wp-container-core-group-is-layout-8778ca4a wp-block-group-is-layout-flex" style="min-height:360px;margin-top:0;margin-bottom:0">
<h2 class="wp-block-heading has-text-align-center has-xx-large-font-size">Nous suivre ? </h2>



<div style="height:0px" aria-hidden="true" class="wp-block-spacer wp-container-content-62aae154"></div>



<div class="wp-block-buttons is-content-justification-center is-layout-flex wp-container-core-buttons-is-layout-a89b3969 wp-block-buttons-is-layout-flex">
<div class="wp-block-button"><a class="wp-block-button__link has-text-align-center wp-element-button">Subscribe</a></div>
</div>
</div>
</aside>



<p></p>

<p>Foncière d&#8217;Intérêt Social et Solidaire Alpine Des lieux de vie durable pour des Alpes Vivantes About Us Nos objectifs Collect Assemble Like flowers that bloom in unexpected places, every story unfolds with beauty and resilience Deliver Like flowers that bloom in unexpected places, every story unfolds with beauty and resilience Nous suivre ?</p>
